{"id":878,"date":"2016-05-16T17:50:59","date_gmt":"2016-05-16T17:50:59","guid":{"rendered":"http:\/\/ayader.com\/?page_id=878"},"modified":"2019-10-24T21:33:09","modified_gmt":"2019-10-24T21:33:09","slug":"reparacion-impresoras","status":"publish","type":"page","link":"https:\/\/ayader.com\/index.php\/reparacion-impresoras\/","title":{"rendered":"Mantenimiento impresoras"},"content":{"rendered":"\n<h4 class=\"wp-block-heading\"> Mantenimiento coste por pagina <\/h4>\n\n\n\n<p>Incluye piezas, consumibles, mano de obra y salidas durante el periodo del mismo<\/p>\n\n\n\n<h4 class=\"wp-block-heading\"><strong>Mantenimiento anual<\/strong><\/h4>\n\n\n\n<p>Incluye limpiezas, mano de obra y salidas durante el periodo del mismo<\/p>\n\n\n\n<ul class=\"wp-block-gallery columns-3 is-cropped wp-block-gallery-1 is-layout-flex wp-block-gallery-is-layout-flex\"><li class=\"blocks-gallery-item\"><figure><img loading=\"lazy\" decoding=\"async\" width=\"1024\" height=\"609\" src=\"http:\/\/ayader.com\/wp-content\/uploads\/2016\/02\/ineo-4700P-ayader-1024x609.png\" alt=\"\" data-id=\"1145\" data-link=\"http:\/\/ayader.com\/index.php\/inicio\/ineo-4700p-ayader\/\" class=\"wp-image-1145\" srcset=\"https:\/\/ayader.com\/wp-content\/uploads\/2016\/02\/ineo-4700P-ayader-1024x609.png 1024w, https:\/\/ayader.com\/wp-content\/uploads\/2016\/02\/ineo-4700P-ayader-300x178.png 300w, https:\/\/ayader.com\/wp-content\/uploads\/2016\/02\/ineo-4700P-ayader-768x457.png 768w\" sizes=\"auto, (max-width: 1024px) 100vw, 1024px\" \/><\/figure><\/li><li class=\"blocks-gallery-item\"><figure><img loading=\"lazy\" decoding=\"async\" width=\"474\" height=\"356\" src=\"http:\/\/ayader.com\/wp-content\/uploads\/2016\/05\/HP-LaserJet-Enterprise-flow-MFP-M525c.png\" alt=\"\" data-id=\"1141\" data-link=\"http:\/\/ayader.com\/index.php\/renting-multifuncionales\/hp-laserjet-enterprise-flow-mfp-m525c\/\" class=\"wp-image-1141\" srcset=\"https:\/\/ayader.com\/wp-content\/uploads\/2016\/05\/HP-LaserJet-Enterprise-flow-MFP-M525c.png 474w, https:\/\/ayader.com\/wp-content\/uploads\/2016\/05\/HP-LaserJet-Enterprise-flow-MFP-M525c-300x225.png 300w\" sizes=\"auto, (max-width: 474px) 100vw, 474px\" \/><\/figure><\/li><li class=\"blocks-gallery-item\"><figure><img loading=\"lazy\" decoding=\"async\" width=\"951\" height=\"1024\" src=\"http:\/\/ayader.com\/wp-content\/uploads\/2016\/02\/impresora-951x1024.png\" alt=\"\" data-id=\"1000\" data-link=\"http:\/\/ayader.com\/index.php\/inicio\/impresora\/\" class=\"wp-image-1000\" srcset=\"https:\/\/ayader.com\/wp-content\/uploads\/2016\/02\/impresora-951x1024.png 951w, https:\/\/ayader.com\/wp-content\/uploads\/2016\/02\/impresora-279x300.png 279w, https:\/\/ayader.com\/wp-content\/uploads\/2016\/02\/impresora-768x827.png 768w, https:\/\/ayader.com\/wp-content\/uploads\/2016\/02\/impresora.png 975w\" sizes=\"auto, (max-width: 951px) 100vw, 951px\" \/><\/figure><\/li><\/ul>\n","protected":false},"excerpt":{"rendered":"<p>Mantenimiento coste por pagina Incluye piezas, consumibles, mano de obra y salidas [&hellip;]<\/p>\n","protected":false},"author":1,"featured_media":0,"parent":0,"menu_order":0,"comment_status":"closed","ping_status":"closed","template":"page-templates\/page_fullwidth.php","meta":{"footnotes":""},"class_list":["post-878","page","type-page","status-publish","hentry"],"yoast_head":"<!-- This site is optimized with the Yoast SEO plugin v18.2 - https:\/\/yoast.com\/wordpress\/plugins\/seo\/ -->\n<title>Mantenimiento impresoras - Ayader - Soluciones Tecnol\u00f3gicas para empresas<\/title>\n<meta name=\"description\" content=\"Ayader es una empresa volcada en dar soluciones a nuestros clientes que les permitan ser m\u00e1s productivos en sus negocios.\" \/>\n<meta name=\"robots\" content=\"index, follow, max-snippet:-1, max-image-preview:large, max-video-preview:-1\" \/>\n<link rel=\"canonical\" href=\"https:\/\/ayader.com\/index.php\/reparacion-impresoras\/\" \/>\n<meta property=\"og:locale\" content=\"es_ES\" \/>\n<meta property=\"og:type\" content=\"article\" \/>\n<meta property=\"og:title\" content=\"Mantenimiento impresoras - Ayader - Soluciones Tecnol\u00f3gicas para empresas\" \/>\n<meta property=\"og:description\" content=\"Ayader es una empresa volcada en dar soluciones a nuestros clientes que les permitan ser m\u00e1s productivos en sus negocios.\" \/>\n<meta property=\"og:url\" content=\"https:\/\/ayader.com\/index.php\/reparacion-impresoras\/\" \/>\n<meta property=\"og:site_name\" content=\"Ayader - Soluciones Tecnol\u00f3gicas para empresas\" \/>\n<meta property=\"article:modified_time\" content=\"2019-10-24T21:33:09+00:00\" \/>\n<meta property=\"og:image\" content=\"http:\/\/ayader.com\/wp-content\/uploads\/2016\/02\/ineo-4700P-ayader-1024x609.png\" \/>\n<meta name=\"twitter:card\" content=\"summary\" \/>\n<script type=\"application\/ld+json\" class=\"yoast-schema-graph\">{\"@context\":\"https:\/\/schema.org\",\"@graph\":[{\"@type\":\"WebSite\",\"@id\":\"https:\/\/ayader.com\/#website\",\"url\":\"https:\/\/ayader.com\/\",\"name\":\"Ayader - Soluciones Tecnol\u00f3gicas para empresas\",\"description\":\"Ayader es una empresa volcada en ofrecer a nuestros clientes soluciones tecnol\u00f3gicas que les permitan ser m\u00e1s productivos en sus negocios.\",\"potentialAction\":[{\"@type\":\"SearchAction\",\"target\":{\"@type\":\"EntryPoint\",\"urlTemplate\":\"https:\/\/ayader.com\/?s={search_term_string}\"},\"query-input\":\"required name=search_term_string\"}],\"inLanguage\":\"es\"},{\"@type\":\"ImageObject\",\"@id\":\"https:\/\/ayader.com\/index.php\/reparacion-impresoras\/#primaryimage\",\"inLanguage\":\"es\",\"url\":\"http:\/\/ayader.com\/wp-content\/uploads\/2016\/02\/ineo-4700P-ayader-1024x609.png\",\"contentUrl\":\"http:\/\/ayader.com\/wp-content\/uploads\/2016\/02\/ineo-4700P-ayader-1024x609.png\"},{\"@type\":\"WebPage\",\"@id\":\"https:\/\/ayader.com\/index.php\/reparacion-impresoras\/#webpage\",\"url\":\"https:\/\/ayader.com\/index.php\/reparacion-impresoras\/\",\"name\":\"Mantenimiento impresoras - Ayader - Soluciones Tecnol\u00f3gicas para empresas\",\"isPartOf\":{\"@id\":\"https:\/\/ayader.com\/#website\"},\"primaryImageOfPage\":{\"@id\":\"https:\/\/ayader.com\/index.php\/reparacion-impresoras\/#primaryimage\"},\"datePublished\":\"2016-05-16T17:50:59+00:00\",\"dateModified\":\"2019-10-24T21:33:09+00:00\",\"description\":\"Ayader es una empresa volcada en dar soluciones a nuestros clientes que les permitan ser m\u00e1s productivos en sus negocios.\",\"breadcrumb\":{\"@id\":\"https:\/\/ayader.com\/index.php\/reparacion-impresoras\/#breadcrumb\"},\"inLanguage\":\"es\",\"potentialAction\":[{\"@type\":\"ReadAction\",\"target\":[\"https:\/\/ayader.com\/index.php\/reparacion-impresoras\/\"]}]},{\"@type\":\"BreadcrumbList\",\"@id\":\"https:\/\/ayader.com\/index.php\/reparacion-impresoras\/#breadcrumb\",\"itemListElement\":[{\"@type\":\"ListItem\",\"position\":1,\"name\":\"Portada\",\"item\":\"https:\/\/ayader.com\/\"},{\"@type\":\"ListItem\",\"position\":2,\"name\":\"Mantenimiento impresoras\"}]}]}<\/script>\n<!-- \/ Yoast SEO plugin. -->","yoast_head_json":{"title":"Mantenimiento impresoras - Ayader - Soluciones Tecnol\u00f3gicas para empresas","description":"Ayader es una empresa volcada en dar soluciones a nuestros clientes que les permitan ser m\u00e1s productivos en sus negocios.","robots":{"index":"index","follow":"follow","max-snippet":"max-snippet:-1","max-image-preview":"max-image-preview:large","max-video-preview":"max-video-preview:-1"},"canonical":"https:\/\/ayader.com\/index.php\/reparacion-impresoras\/","og_locale":"es_ES","og_type":"article","og_title":"Mantenimiento impresoras - Ayader - Soluciones Tecnol\u00f3gicas para empresas","og_description":"Ayader es una empresa volcada en dar soluciones a nuestros clientes que les permitan ser m\u00e1s productivos en sus negocios.","og_url":"https:\/\/ayader.com\/index.php\/reparacion-impresoras\/","og_site_name":"Ayader - Soluciones Tecnol\u00f3gicas para empresas","article_modified_time":"2019-10-24T21:33:09+00:00","og_image":[{"url":"http:\/\/ayader.com\/wp-content\/uploads\/2016\/02\/ineo-4700P-ayader-1024x609.png"}],"twitter_card":"summary","schema":{"@context":"https:\/\/schema.org","@graph":[{"@type":"WebSite","@id":"https:\/\/ayader.com\/#website","url":"https:\/\/ayader.com\/","name":"Ayader - Soluciones Tecnol\u00f3gicas para empresas","description":"Ayader es una empresa volcada en ofrecer a nuestros clientes soluciones tecnol\u00f3gicas que les permitan ser m\u00e1s productivos en sus negocios.","potentialAction":[{"@type":"SearchAction","target":{"@type":"EntryPoint","urlTemplate":"https:\/\/ayader.com\/?s={search_term_string}"},"query-input":"required name=search_term_string"}],"inLanguage":"es"},{"@type":"ImageObject","@id":"https:\/\/ayader.com\/index.php\/reparacion-impresoras\/#primaryimage","inLanguage":"es","url":"http:\/\/ayader.com\/wp-content\/uploads\/2016\/02\/ineo-4700P-ayader-1024x609.png","contentUrl":"http:\/\/ayader.com\/wp-content\/uploads\/2016\/02\/ineo-4700P-ayader-1024x609.png"},{"@type":"WebPage","@id":"https:\/\/ayader.com\/index.php\/reparacion-impresoras\/#webpage","url":"https:\/\/ayader.com\/index.php\/reparacion-impresoras\/","name":"Mantenimiento impresoras - Ayader - Soluciones Tecnol\u00f3gicas para empresas","isPartOf":{"@id":"https:\/\/ayader.com\/#website"},"primaryImageOfPage":{"@id":"https:\/\/ayader.com\/index.php\/reparacion-impresoras\/#primaryimage"},"datePublished":"2016-05-16T17:50:59+00:00","dateModified":"2019-10-24T21:33:09+00:00","description":"Ayader es una empresa volcada en dar soluciones a nuestros clientes que les permitan ser m\u00e1s productivos en sus negocios.","breadcrumb":{"@id":"https:\/\/ayader.com\/index.php\/reparacion-impresoras\/#breadcrumb"},"inLanguage":"es","potentialAction":[{"@type":"ReadAction","target":["https:\/\/ayader.com\/index.php\/reparacion-impresoras\/"]}]},{"@type":"BreadcrumbList","@id":"https:\/\/ayader.com\/index.php\/reparacion-impresoras\/#breadcrumb","itemListElement":[{"@type":"ListItem","position":1,"name":"Portada","item":"https:\/\/ayader.com\/"},{"@type":"ListItem","position":2,"name":"Mantenimiento impresoras"}]}]}},"_links":{"self":[{"href":"https:\/\/ayader.com\/index.php\/wp-json\/wp\/v2\/pages\/878","targetHints":{"allow":["GET"]}}],"collection":[{"href":"https:\/\/ayader.com\/index.php\/wp-json\/wp\/v2\/pages"}],"about":[{"href":"https:\/\/ayader.com\/index.php\/wp-json\/wp\/v2\/types\/page"}],"author":[{"embeddable":true,"href":"https:\/\/ayader.com\/index.php\/wp-json\/wp\/v2\/users\/1"}],"replies":[{"embeddable":true,"href":"https:\/\/ayader.com\/index.php\/wp-json\/wp\/v2\/comments?post=878"}],"version-history":[{"count":7,"href":"https:\/\/ayader.com\/index.php\/wp-json\/wp\/v2\/pages\/878\/revisions"}],"predecessor-version":[{"id":1559,"href":"https:\/\/ayader.com\/index.php\/wp-json\/wp\/v2\/pages\/878\/revisions\/1559"}],"wp:attachment":[{"href":"https:\/\/ayader.com\/index.php\/wp-json\/wp\/v2\/media?parent=878"}],"curies":[{"name":"wp","href":"https:\/\/api.w.org\/{rel}","templated":true}]}}