{"id":856,"date":"2016-05-16T12:01:57","date_gmt":"2016-05-16T12:01:57","guid":{"rendered":"http:\/\/ayader.com\/?page_id=856"},"modified":"2024-03-27T08:52:55","modified_gmt":"2024-03-27T08:52:55","slug":"informatica","status":"publish","type":"page","link":"https:\/\/ayader.com\/index.php\/informatica\/","title":{"rendered":"Portatiles"},"content":{"rendered":"\n<h4 class=\"wp-block-heading\">Portatiles<\/h4>\n\n\n\n<h4 class=\"wp-block-heading\">Portatiles todo en uno<\/h4>\n\n\n\n<p style=\"text-align: justify;\">En Ayader disponemos de una amplia selecci\u00f3n de convertibles 2 en 1. Selecciona <a href=\"http:\/\/ayader.com\/wp-content\/uploads\/2019\/10\/Sin-t\u00edtulo.jpg\"><img loading=\"lazy\" decoding=\"async\" class=\" wp-image-1591 alignright\" src=\"http:\/\/ayader.com\/wp-content\/uploads\/2019\/10\/Sin-t\u00edtulo-300x224.jpg\" alt=\"\" width=\"234\" height=\"175\" srcset=\"https:\/\/ayader.com\/wp-content\/uploads\/2019\/10\/Sin-t\u00edtulo-300x224.jpg 300w, https:\/\/ayader.com\/wp-content\/uploads\/2019\/10\/Sin-t\u00edtulo-230x171.jpg 230w, https:\/\/ayader.com\/wp-content\/uploads\/2019\/10\/Sin-t\u00edtulo-350x261.jpg 350w, https:\/\/ayader.com\/wp-content\/uploads\/2019\/10\/Sin-t\u00edtulo-480x358.jpg 480w, https:\/\/ayader.com\/wp-content\/uploads\/2019\/10\/Sin-t\u00edtulo.jpg 655w\" sizes=\"auto, (max-width: 234px) 100vw, 234px\" \/><\/a>aspectos como el almacenamiento, resoluci\u00f3n, pulgadas o marca para filtrar los resultados y obtener el 2 en 1 convertible que se adapte mejor a tus necesidades. No te olvides de echar un vistazo a los perif\u00e9ricos, bases refrigeradoras, maletines y otros accesorios para port\u00e1tiles para realizar una compra redonda al mejor precio.<\/p>\n\n\n\n<h4 class=\"wp-block-heading\">Portatiles SSD<\/h4>\n\n\n\n<p style=\"text-align: justify;\">Un port\u00e1til con SSD te sorprender\u00e1 por su velocidad y eficiencia, y si lo compras en Ayader, tambi\u00e9n por su precio. Utiliza nuestro sistema de filtros para establecer las especificaciones que quieres que tenga tu nuevo port\u00e1til y disfruta de la velocidad de un disco SSD en 24 horas. Disponemos de un amplio cat\u00e1logo en port\u00e1tiles SSD de marcas como Acer, Apple, Asus, Gigabyte, HP, Innjoo, Lenovo, LG, Medion, MSI y Toshiba.<\/p>\n\n\n\n<h4 class=\"wp-block-heading\">Ultrabooks<\/h4>\n\n\n\n<p style=\"text-align: justify;\"><a href=\"http:\/\/ayader.com\/wp-content\/uploads\/2019\/10\/ultrabooks.jpg\"><img loading=\"lazy\" decoding=\"async\" class=\" wp-image-1593 alignright\" src=\"http:\/\/ayader.com\/wp-content\/uploads\/2019\/10\/ultrabooks-300x136.jpg\" alt=\"\" width=\"287\" height=\"130\" srcset=\"https:\/\/ayader.com\/wp-content\/uploads\/2019\/10\/ultrabooks-300x136.jpg 300w, https:\/\/ayader.com\/wp-content\/uploads\/2019\/10\/ultrabooks.jpg 550w, https:\/\/ayader.com\/wp-content\/uploads\/2019\/10\/ultrabooks-230x105.jpg 230w, https:\/\/ayader.com\/wp-content\/uploads\/2019\/10\/ultrabooks-350x159.jpg 350w, https:\/\/ayader.com\/wp-content\/uploads\/2019\/10\/ultrabooks-480x218.jpg 480w\" sizes=\"auto, (max-width: 287px) 100vw, 287px\" \/><\/a>Los Ultrabook m\u00e1s potentes y econ\u00f3micos de las mejores marcas y con las especificaciones que mejor se adapten<\/p>\n\n\n\n<h4 class=\"wp-block-heading\">Port\u00e1tiles WorkStation<\/h4>\n\n\n\n<p style=\"text-align: justify;\">Los port\u00e1tiles Workstation fusionan lo mejor de un port\u00e1til tradicional (su condicion portable) con la potencia y la eficiencia de un ordenador de sobremesa o estaci\u00f3n de trabajo. Y, \u00bfqui\u00e9n dijo que un port\u00e1til <a href=\"http:\/\/ayader.com\/wp-content\/uploads\/2019\/10\/dell_m6600_1.jpg\"><img loading=\"lazy\" decoding=\"async\" class=\"size-medium wp-image-1596 alignright\" src=\"http:\/\/ayader.com\/wp-content\/uploads\/2019\/10\/dell_m6600_1-300x214.jpg\" alt=\"\" width=\"300\" height=\"214\" srcset=\"https:\/\/ayader.com\/wp-content\/uploads\/2019\/10\/dell_m6600_1-300x214.jpg 300w, https:\/\/ayader.com\/wp-content\/uploads\/2019\/10\/dell_m6600_1-230x164.jpg 230w, https:\/\/ayader.com\/wp-content\/uploads\/2019\/10\/dell_m6600_1-350x250.jpg 350w, https:\/\/ayader.com\/wp-content\/uploads\/2019\/10\/dell_m6600_1-480x343.jpg 480w, https:\/\/ayader.com\/wp-content\/uploads\/2019\/10\/dell_m6600_1.jpg 630w\" sizes=\"auto, (max-width: 300px) 100vw, 300px\" \/><\/a>potente para trabajar no puede ser ligero? Nuestros port\u00e1tiles workstation est\u00e1n a plena vanguardia: disfruta de todo el rendimiento con equipos ultraligeros, con gran autonom\u00eda y todo ello sin prescindir de un dise\u00f1o exquisito. Tecnolog\u00eda de vanguardia para las profesiones m\u00e1s exigentes: si eres dise\u00f1ador gr\u00e1fico, trabajas editando v\u00eddeo o procesas un gran volumen de datos, estas son nuestras propuestas para ti.<\/p>\n","protected":false},"excerpt":{"rendered":"<p>Portatiles Portatiles todo en uno Portatiles SSD Ultrabooks Port\u00e1tiles WorkStation<\/p>\n","protected":false},"author":1,"featured_media":0,"parent":0,"menu_order":0,"comment_status":"closed","ping_status":"closed","template":"","meta":{"footnotes":""},"class_list":["post-856","page","type-page","status-publish","hentry"],"yoast_head":"<!-- This site is optimized with the Yoast SEO plugin v18.2 - https:\/\/yoast.com\/wordpress\/plugins\/seo\/ -->\n<title>Portatiles - Ayader - Soluciones Tecnol\u00f3gicas para empresas<\/title>\n<meta name=\"description\" content=\"Ayader es una empresa volcada en dar soluciones a nuestros clientes que les permitan ser m\u00e1s productivos en sus negocios.\" \/>\n<meta name=\"robots\" content=\"index, follow, max-snippet:-1, max-image-preview:large, max-video-preview:-1\" \/>\n<link rel=\"canonical\" href=\"https:\/\/ayader.com\/index.php\/informatica\/\" \/>\n<meta property=\"og:locale\" content=\"es_ES\" \/>\n<meta property=\"og:type\" content=\"article\" \/>\n<meta property=\"og:title\" content=\"Portatiles - Ayader - Soluciones Tecnol\u00f3gicas para empresas\" \/>\n<meta property=\"og:description\" content=\"Ayader es una empresa volcada en dar soluciones a nuestros clientes que les permitan ser m\u00e1s productivos en sus negocios.\" \/>\n<meta property=\"og:url\" content=\"https:\/\/ayader.com\/index.php\/informatica\/\" \/>\n<meta property=\"og:site_name\" content=\"Ayader - Soluciones Tecnol\u00f3gicas para empresas\" \/>\n<meta property=\"article:modified_time\" content=\"2024-03-27T08:52:55+00:00\" \/>\n<meta property=\"og:image\" content=\"http:\/\/ayader.com\/wp-content\/uploads\/2019\/10\/Sin-t\u00edtulo-300x224.jpg\" \/>\n<meta name=\"twitter:card\" content=\"summary\" \/>\n<meta name=\"twitter:label1\" content=\"Tiempo de lectura\" \/>\n\t<meta name=\"twitter:data1\" content=\"1 minuto\" \/>\n<script type=\"application\/ld+json\" class=\"yoast-schema-graph\">{\"@context\":\"https:\/\/schema.org\",\"@graph\":[{\"@type\":\"WebSite\",\"@id\":\"https:\/\/ayader.com\/#website\",\"url\":\"https:\/\/ayader.com\/\",\"name\":\"Ayader - Soluciones Tecnol\u00f3gicas para empresas\",\"description\":\"Ayader es una empresa volcada en ofrecer a nuestros clientes soluciones tecnol\u00f3gicas que les permitan ser m\u00e1s productivos en sus negocios.\",\"potentialAction\":[{\"@type\":\"SearchAction\",\"target\":{\"@type\":\"EntryPoint\",\"urlTemplate\":\"https:\/\/ayader.com\/?s={search_term_string}\"},\"query-input\":\"required name=search_term_string\"}],\"inLanguage\":\"es\"},{\"@type\":\"ImageObject\",\"@id\":\"https:\/\/ayader.com\/index.php\/informatica\/#primaryimage\",\"inLanguage\":\"es\",\"url\":\"http:\/\/ayader.com\/wp-content\/uploads\/2019\/10\/Sin-t\u00edtulo-300x224.jpg\",\"contentUrl\":\"http:\/\/ayader.com\/wp-content\/uploads\/2019\/10\/Sin-t\u00edtulo-300x224.jpg\"},{\"@type\":\"WebPage\",\"@id\":\"https:\/\/ayader.com\/index.php\/informatica\/#webpage\",\"url\":\"https:\/\/ayader.com\/index.php\/informatica\/\",\"name\":\"Portatiles - Ayader - Soluciones Tecnol\u00f3gicas para empresas\",\"isPartOf\":{\"@id\":\"https:\/\/ayader.com\/#website\"},\"primaryImageOfPage\":{\"@id\":\"https:\/\/ayader.com\/index.php\/informatica\/#primaryimage\"},\"datePublished\":\"2016-05-16T12:01:57+00:00\",\"dateModified\":\"2024-03-27T08:52:55+00:00\",\"description\":\"Ayader es una empresa volcada en dar soluciones a nuestros clientes que les permitan ser m\u00e1s productivos en sus negocios.\",\"breadcrumb\":{\"@id\":\"https:\/\/ayader.com\/index.php\/informatica\/#breadcrumb\"},\"inLanguage\":\"es\",\"potentialAction\":[{\"@type\":\"ReadAction\",\"target\":[\"https:\/\/ayader.com\/index.php\/informatica\/\"]}]},{\"@type\":\"BreadcrumbList\",\"@id\":\"https:\/\/ayader.com\/index.php\/informatica\/#breadcrumb\",\"itemListElement\":[{\"@type\":\"ListItem\",\"position\":1,\"name\":\"Portada\",\"item\":\"https:\/\/ayader.com\/\"},{\"@type\":\"ListItem\",\"position\":2,\"name\":\"Portatiles\"}]}]}<\/script>\n<!-- \/ Yoast SEO plugin. -->","yoast_head_json":{"title":"Portatiles - Ayader - Soluciones Tecnol\u00f3gicas para empresas","description":"Ayader es una empresa volcada en dar soluciones a nuestros clientes que les permitan ser m\u00e1s productivos en sus negocios.","robots":{"index":"index","follow":"follow","max-snippet":"max-snippet:-1","max-image-preview":"max-image-preview:large","max-video-preview":"max-video-preview:-1"},"canonical":"https:\/\/ayader.com\/index.php\/informatica\/","og_locale":"es_ES","og_type":"article","og_title":"Portatiles - Ayader - Soluciones Tecnol\u00f3gicas para empresas","og_description":"Ayader es una empresa volcada en dar soluciones a nuestros clientes que les permitan ser m\u00e1s productivos en sus negocios.","og_url":"https:\/\/ayader.com\/index.php\/informatica\/","og_site_name":"Ayader - Soluciones Tecnol\u00f3gicas para empresas","article_modified_time":"2024-03-27T08:52:55+00:00","og_image":[{"url":"http:\/\/ayader.com\/wp-content\/uploads\/2019\/10\/Sin-t\u00edtulo-300x224.jpg"}],"twitter_card":"summary","twitter_misc":{"Tiempo de lectura":"1 minuto"},"schema":{"@context":"https:\/\/schema.org","@graph":[{"@type":"WebSite","@id":"https:\/\/ayader.com\/#website","url":"https:\/\/ayader.com\/","name":"Ayader - Soluciones Tecnol\u00f3gicas para empresas","description":"Ayader es una empresa volcada en ofrecer a nuestros clientes soluciones tecnol\u00f3gicas que les permitan ser m\u00e1s productivos en sus negocios.","potentialAction":[{"@type":"SearchAction","target":{"@type":"EntryPoint","urlTemplate":"https:\/\/ayader.com\/?s={search_term_string}"},"query-input":"required name=search_term_string"}],"inLanguage":"es"},{"@type":"ImageObject","@id":"https:\/\/ayader.com\/index.php\/informatica\/#primaryimage","inLanguage":"es","url":"http:\/\/ayader.com\/wp-content\/uploads\/2019\/10\/Sin-t\u00edtulo-300x224.jpg","contentUrl":"http:\/\/ayader.com\/wp-content\/uploads\/2019\/10\/Sin-t\u00edtulo-300x224.jpg"},{"@type":"WebPage","@id":"https:\/\/ayader.com\/index.php\/informatica\/#webpage","url":"https:\/\/ayader.com\/index.php\/informatica\/","name":"Portatiles - Ayader - Soluciones Tecnol\u00f3gicas para empresas","isPartOf":{"@id":"https:\/\/ayader.com\/#website"},"primaryImageOfPage":{"@id":"https:\/\/ayader.com\/index.php\/informatica\/#primaryimage"},"datePublished":"2016-05-16T12:01:57+00:00","dateModified":"2024-03-27T08:52:55+00:00","description":"Ayader es una empresa volcada en dar soluciones a nuestros clientes que les permitan ser m\u00e1s productivos en sus negocios.","breadcrumb":{"@id":"https:\/\/ayader.com\/index.php\/informatica\/#breadcrumb"},"inLanguage":"es","potentialAction":[{"@type":"ReadAction","target":["https:\/\/ayader.com\/index.php\/informatica\/"]}]},{"@type":"BreadcrumbList","@id":"https:\/\/ayader.com\/index.php\/informatica\/#breadcrumb","itemListElement":[{"@type":"ListItem","position":1,"name":"Portada","item":"https:\/\/ayader.com\/"},{"@type":"ListItem","position":2,"name":"Portatiles"}]}]}},"_links":{"self":[{"href":"https:\/\/ayader.com\/index.php\/wp-json\/wp\/v2\/pages\/856","targetHints":{"allow":["GET"]}}],"collection":[{"href":"https:\/\/ayader.com\/index.php\/wp-json\/wp\/v2\/pages"}],"about":[{"href":"https:\/\/ayader.com\/index.php\/wp-json\/wp\/v2\/types\/page"}],"author":[{"embeddable":true,"href":"https:\/\/ayader.com\/index.php\/wp-json\/wp\/v2\/users\/1"}],"replies":[{"embeddable":true,"href":"https:\/\/ayader.com\/index.php\/wp-json\/wp\/v2\/comments?post=856"}],"version-history":[{"count":12,"href":"https:\/\/ayader.com\/index.php\/wp-json\/wp\/v2\/pages\/856\/revisions"}],"predecessor-version":[{"id":1969,"href":"https:\/\/ayader.com\/index.php\/wp-json\/wp\/v2\/pages\/856\/revisions\/1969"}],"wp:attachment":[{"href":"https:\/\/ayader.com\/index.php\/wp-json\/wp\/v2\/media?parent=856"}],"curies":[{"name":"wp","href":"https:\/\/api.w.org\/{rel}","templated":true}]}}