{"id":1981,"date":"2024-05-15T08:36:14","date_gmt":"2024-05-15T08:36:14","guid":{"rendered":"https:\/\/ayader.com\/?page_id=1981"},"modified":"2024-06-12T08:06:20","modified_gmt":"2024-06-12T08:06:20","slug":"puesto-de-trabajo-seguro","status":"publish","type":"page","link":"https:\/\/ayader.com\/index.php\/puesto-de-trabajo-seguro\/","title":{"rendered":"Puesto de trabajo seguro"},"content":{"rendered":"\n<p>El principal objetivo de esta categor\u00eda es proporcionarte un puesto de trabajo seguro con el fin de potenciar o mejorar tu productividad.<\/p>\n\n\n\n<figure class=\"wp-block-image\"><img loading=\"lazy\" decoding=\"async\" width=\"1024\" height=\"119\" src=\"https:\/\/ayader.com\/wp-content\/uploads\/2022\/02\/logo-digitalizadores-1024x119.jpg\" alt=\"\" class=\"wp-image-1639\" srcset=\"https:\/\/ayader.com\/wp-content\/uploads\/2022\/02\/logo-digitalizadores-1024x119.jpg 1024w, https:\/\/ayader.com\/wp-content\/uploads\/2022\/02\/logo-digitalizadores-300x35.jpg 300w, https:\/\/ayader.com\/wp-content\/uploads\/2022\/02\/logo-digitalizadores-768x89.jpg 768w, https:\/\/ayader.com\/wp-content\/uploads\/2022\/02\/logo-digitalizadores-830x96.jpg 830w, https:\/\/ayader.com\/wp-content\/uploads\/2022\/02\/logo-digitalizadores-230x27.jpg 230w, https:\/\/ayader.com\/wp-content\/uploads\/2022\/02\/logo-digitalizadores-350x41.jpg 350w, https:\/\/ayader.com\/wp-content\/uploads\/2022\/02\/logo-digitalizadores-480x56.jpg 480w, https:\/\/ayader.com\/wp-content\/uploads\/2022\/02\/logo-digitalizadores.jpg 1920w\" sizes=\"auto, (max-width: 1024px) 100vw, 1024px\" \/><\/figure>\n\n\n\n<h2 class=\"wp-block-heading\">Equipos inform\u00e1ticos<\/h2>\n\n\n\n<p><\/p>\n\n\n\n<p>Con procesadores Intel\u00ae Core\u2122 Ultra, el port\u00e1til  [16&#8243;] Intel) lleva la productividad asistida por IA al m\u00e1ximo nivel. Disfruta de un rendimiento perfeccionado con motores de IA especializados, incluida la unidad de procesamiento neuronal (NPU) de bajo consumo que te permite sacarle mucho m\u00e1s a la bater\u00eda. No bajes el ritmo de tu multitarea, ni siquiera cuando est\u00e9s trabajando con la bater\u00eda; activa el encuadre autom\u00e1tico, el desenfoque del fondo y las mejoras para cuando haya poca luz en tus reuniones en l\u00ednea.<\/p>\n\n\n\n<p>Teclado preciso y ergon\u00f3mico<\/p>\n\n\n\n<p>El port\u00e1til dispone de un teclado de tama\u00f1o completo, con teclado num\u00e9rico, perfecto para servicios financieros, an\u00e1lisis de datos o cualquier tarea detallada que implique c\u00e1lculos num\u00e9ricos. Navega con el TrackPad o el TrackPoint y deja el rat\u00f3n en casa. Adem\u00e1s, d\u00e1ndole dos toques a la peque\u00f1a esfera roja, el men\u00fa r\u00e1pido ThinkPad TrackPoint se abre para optimizar los audiovisuales, establecer alertas contra el silenciamiento e incluso tomar notas con la barra de herramientas de dictado para una c\u00f3moda transcripci\u00f3n de voz a texto.<\/p>\n\n\n\n<p>Colaborador sonoro<\/p>\n\n\n\n<p>El port\u00e1til cuenta con una pantalla impresionante que ofrece una experiencia visual excepcional. Con una gama de resoluciones n\u00edtidas y definidas, las im\u00e1genes se renderizan con un detalle y una viveza asombrosos. Mant\u00e9n tus reuniones enfocadas y la colaboraci\u00f3n al m\u00e1ximo. Este portatil es ideal para cualquiera que est\u00e9 de viaje o trabaje desde casa. Adem\u00e1s, este port\u00e1til cuenta con Audio by Harman\u00ae y Dolby Atmos\u00ae que te ayudar\u00e1n a grabar tus contenidos multimedia favoritos y a escuchar con nitidez durante las conferencias.<\/p>\n\n\n\n<p>Listo para trabajar en cualquier lugar<\/p>\n\n\n\n<p>En todos nuestros port\u00e1tiles aplicamos el est\u00e1ndar MIL-STD 810H del Departamento de defensa de los EE.&nbsp;UU. para crear un equilibrio entre fiabilidad y durabilidad. El cumplimiento o la superaci\u00f3n de 12 est\u00e1ndares, 26 procedimientos y m\u00e1s de 200 controles de calidad garantizan el funcionamiento de estos dispositivos en condiciones extremas, incluidas variables adversas como la vida salvaje del \u00c1rtico, tormentas de polvo en el desierto, temperaturas extremas, presi\u00f3n, humedad, vibraciones, etc.<\/p>\n\n\n\n<p>Componentes reciclados y packaging ecol\u00f3gico<\/p>\n\n\n\n<p>Incluso con todas sus funciones de productividad y mejora de la colaboraci\u00f3n, este portatil se ha dise\u00f1ado teniendo en cuenta el reciclaje.&nbsp; Utilizamos contenido postconsumo reciclado (PCC) en varios componentes. La bater\u00eda est\u00e1 fabricada con un 25&nbsp;% de pl\u00e1stico reciclado de PCC, lo que supone un gran paso hacia la sostenibilidad. La caja del altavoz est\u00e1 compuesta por un 30&nbsp;% de pl\u00e1stico reciclado de PCC, mientras que el adaptador de CA tiene una composici\u00f3n de pl\u00e1stico reciclado de PCC del 90&nbsp;%. Adem\u00e1s, el packaging no tiene pl\u00e1stico y es 100&nbsp;% reciclable, y cuenta con la certificaci\u00f3n Forest Stewardship Council\u00ae, por lo que puedes estar tranquilo al elegir este port\u00e1til.<\/p>\n\n\n\n<p>Inform\u00e1tica segura y protegida<\/p>\n\n\n\n<p>La biometr\u00eda proporciona protecci\u00f3n adicional al port\u00e1til  desde el lector de huellas dactilares integrado en el bot\u00f3n de encendido hasta el software de reconocimiento facial que funciona con la c\u00e1mara de infrarrojos. Nuestro robusto conjunto de soluciones de seguridad, ThinkShield incluye un discreto M\u00f3dulo de plataforma segura (dTPM) 2.0 que garantiza el cifrado de datos vitales. Adem\u00e1s, utiliza la tecnolog\u00eda de detecci\u00f3n de amenazas Intel\u00ae habilitada para la IA para proteger proactivamente contra amenazas como el ransomware y el cryptojacking. Con nuestros portatiles, puedes estar seguro de que tu seguridad y la protecci\u00f3n de tus activos son nuestra m\u00e1xima prioridad.<\/p>\n\n\n\n<p>Consulta las especificaciones pueden variar seg\u00fan el modelo y las necesitades actualmente trabajamos con Acer, HP, Apple y Lenovo.<\/p>\n\n\n\n<p><strong>Importe 750\u20ac + IVA<\/strong><\/p>\n\n\n\n<h2 class=\"wp-block-heading\">Ciberseguridad<\/h2>\n\n\n\n<p>Gesti\u00f3n de seguridad frente a ataques a los equipos inform\u00e1ticos a traves de ESET ENDPOINT.<\/p>\n\n\n\n<ul class=\"wp-block-list\">\n<li><strong>Antimalware:<\/strong>&nbsp;tendr\u00e1s acceso a una herramienta que analice tu dispositivo, su memoria interna y los dispositivos de almacenamiento externos.<\/li>\n\n\n\n<li><strong>Antispyware:<\/strong>&nbsp;se proporcionar\u00e1 una herramienta que detecte y evite el malware esp\u00eda.<\/li>\n\n\n\n<li><strong>Correo seguro:<\/strong>&nbsp;contar\u00e1s con herramientas de an\u00e1lisis del correo electr\u00f3nico con las siguientes caracter\u00edsticas:\n<ul class=\"wp-block-list\">\n<li><strong>Antispam<\/strong>, con detecci\u00f3n y filtro de correo no deseado.<\/li>\n\n\n\n<li><strong>Antiphishing<\/strong>, con detecci\u00f3n&nbsp;de correos con enlaces o malware que se sospecha sirvan para robar credenciales.<\/li>\n<\/ul>\n<\/li>\n\n\n\n<li><strong>Navegaci\u00f3n segura:<\/strong>&nbsp;contar\u00e1s con un control de contenidos y antiadware para evitar anuncios maliciosos.<\/li>\n\n\n\n<li><strong>An\u00e1lisis y detecci\u00f3n de amenazas<\/strong>: la soluci\u00f3n te permitir\u00e1 conocer el comportamiento de las amenazas existentes&nbsp;y nuevas.<\/li>\n\n\n\n<li><strong>Monitorizaci\u00f3n de la red:<\/strong>&nbsp;tendr\u00e1s herramientas que analicen el tr\u00e1fico de red y alerten de amenazas.<\/li>\n\n\n\n<li><strong>Importe 250\u20ac\/a\u00f1o + IVA<\/strong><\/li>\n<\/ul>\n\n\n\n<p><\/p>\n\n\n\n<h2 class=\"wp-block-heading\">Como solicitar tu ayuda<\/h2>\n\n\n\n<p><a href=\"https:\/\/sede.red.gob.es\/es\/procedimientos\/convocatoria-de-ayudas-destinadas-la-digitalizacion-de-empresas-del-segmento-iii\">CONVOCATORIA DE AYUDAS DESTINADAS A LA DIGITALIZACI\u00d3N DE EMPRESAS DEL SEGMENTO III (ENTRE 0 Y MENOS DE 3 EMPLEADOS) EN EL MARCO DE LA AGENDA ESPA\u00d1A DIGITAL 2026 | Sede (red.gob.es)<\/a><\/p>\n","protected":false},"excerpt":{"rendered":"<p>El principal objetivo de esta categor\u00eda es proporcionarte un puesto de trabajo [&hellip;]<\/p>\n","protected":false},"author":1,"featured_media":0,"parent":0,"menu_order":0,"comment_status":"closed","ping_status":"closed","template":"","meta":{"footnotes":""},"class_list":["post-1981","page","type-page","status-publish","hentry"],"yoast_head":"<!-- This site is optimized with the Yoast SEO plugin v18.2 - https:\/\/yoast.com\/wordpress\/plugins\/seo\/ -->\n<title>Puesto de trabajo seguro - Ayader - Soluciones Tecnol\u00f3gicas para empresas<\/title>\n<meta name=\"robots\" content=\"index, follow, max-snippet:-1, max-image-preview:large, max-video-preview:-1\" \/>\n<link rel=\"canonical\" href=\"https:\/\/ayader.com\/index.php\/puesto-de-trabajo-seguro\/\" \/>\n<meta property=\"og:locale\" content=\"es_ES\" \/>\n<meta property=\"og:type\" content=\"article\" \/>\n<meta property=\"og:title\" content=\"Puesto de trabajo seguro - Ayader - Soluciones Tecnol\u00f3gicas para empresas\" \/>\n<meta property=\"og:description\" content=\"El principal objetivo de esta categor\u00eda es proporcionarte un puesto de trabajo [&hellip;]\" \/>\n<meta property=\"og:url\" content=\"https:\/\/ayader.com\/index.php\/puesto-de-trabajo-seguro\/\" \/>\n<meta property=\"og:site_name\" content=\"Ayader - Soluciones Tecnol\u00f3gicas para empresas\" \/>\n<meta property=\"article:modified_time\" content=\"2024-06-12T08:06:20+00:00\" \/>\n<meta property=\"og:image\" content=\"https:\/\/ayader.com\/wp-content\/uploads\/2022\/02\/logo-digitalizadores-1024x119.jpg\" \/>\n<meta name=\"twitter:card\" content=\"summary\" \/>\n<meta name=\"twitter:label1\" content=\"Tiempo de lectura\" \/>\n\t<meta name=\"twitter:data1\" content=\"4 minutos\" \/>\n<script type=\"application\/ld+json\" class=\"yoast-schema-graph\">{\"@context\":\"https:\/\/schema.org\",\"@graph\":[{\"@type\":\"WebSite\",\"@id\":\"https:\/\/ayader.com\/#website\",\"url\":\"https:\/\/ayader.com\/\",\"name\":\"Ayader - Soluciones Tecnol\u00f3gicas para empresas\",\"description\":\"Ayader es una empresa volcada en ofrecer a nuestros clientes soluciones tecnol\u00f3gicas que les permitan ser m\u00e1s productivos en sus negocios.\",\"potentialAction\":[{\"@type\":\"SearchAction\",\"target\":{\"@type\":\"EntryPoint\",\"urlTemplate\":\"https:\/\/ayader.com\/?s={search_term_string}\"},\"query-input\":\"required name=search_term_string\"}],\"inLanguage\":\"es\"},{\"@type\":\"ImageObject\",\"@id\":\"https:\/\/ayader.com\/index.php\/puesto-de-trabajo-seguro\/#primaryimage\",\"inLanguage\":\"es\",\"url\":\"https:\/\/ayader.com\/wp-content\/uploads\/2022\/02\/logo-digitalizadores.jpg\",\"contentUrl\":\"https:\/\/ayader.com\/wp-content\/uploads\/2022\/02\/logo-digitalizadores.jpg\",\"width\":1920,\"height\":223},{\"@type\":\"WebPage\",\"@id\":\"https:\/\/ayader.com\/index.php\/puesto-de-trabajo-seguro\/#webpage\",\"url\":\"https:\/\/ayader.com\/index.php\/puesto-de-trabajo-seguro\/\",\"name\":\"Puesto de trabajo seguro - Ayader - Soluciones Tecnol\u00f3gicas para empresas\",\"isPartOf\":{\"@id\":\"https:\/\/ayader.com\/#website\"},\"primaryImageOfPage\":{\"@id\":\"https:\/\/ayader.com\/index.php\/puesto-de-trabajo-seguro\/#primaryimage\"},\"datePublished\":\"2024-05-15T08:36:14+00:00\",\"dateModified\":\"2024-06-12T08:06:20+00:00\",\"breadcrumb\":{\"@id\":\"https:\/\/ayader.com\/index.php\/puesto-de-trabajo-seguro\/#breadcrumb\"},\"inLanguage\":\"es\",\"potentialAction\":[{\"@type\":\"ReadAction\",\"target\":[\"https:\/\/ayader.com\/index.php\/puesto-de-trabajo-seguro\/\"]}]},{\"@type\":\"BreadcrumbList\",\"@id\":\"https:\/\/ayader.com\/index.php\/puesto-de-trabajo-seguro\/#breadcrumb\",\"itemListElement\":[{\"@type\":\"ListItem\",\"position\":1,\"name\":\"Portada\",\"item\":\"https:\/\/ayader.com\/\"},{\"@type\":\"ListItem\",\"position\":2,\"name\":\"Puesto de trabajo seguro\"}]}]}<\/script>\n<!-- \/ Yoast SEO plugin. -->","yoast_head_json":{"title":"Puesto de trabajo seguro - Ayader - Soluciones Tecnol\u00f3gicas para empresas","robots":{"index":"index","follow":"follow","max-snippet":"max-snippet:-1","max-image-preview":"max-image-preview:large","max-video-preview":"max-video-preview:-1"},"canonical":"https:\/\/ayader.com\/index.php\/puesto-de-trabajo-seguro\/","og_locale":"es_ES","og_type":"article","og_title":"Puesto de trabajo seguro - Ayader - Soluciones Tecnol\u00f3gicas para empresas","og_description":"El principal objetivo de esta categor\u00eda es proporcionarte un puesto de trabajo [&hellip;]","og_url":"https:\/\/ayader.com\/index.php\/puesto-de-trabajo-seguro\/","og_site_name":"Ayader - Soluciones Tecnol\u00f3gicas para empresas","article_modified_time":"2024-06-12T08:06:20+00:00","og_image":[{"url":"https:\/\/ayader.com\/wp-content\/uploads\/2022\/02\/logo-digitalizadores-1024x119.jpg"}],"twitter_card":"summary","twitter_misc":{"Tiempo de lectura":"4 minutos"},"schema":{"@context":"https:\/\/schema.org","@graph":[{"@type":"WebSite","@id":"https:\/\/ayader.com\/#website","url":"https:\/\/ayader.com\/","name":"Ayader - Soluciones Tecnol\u00f3gicas para empresas","description":"Ayader es una empresa volcada en ofrecer a nuestros clientes soluciones tecnol\u00f3gicas que les permitan ser m\u00e1s productivos en sus negocios.","potentialAction":[{"@type":"SearchAction","target":{"@type":"EntryPoint","urlTemplate":"https:\/\/ayader.com\/?s={search_term_string}"},"query-input":"required name=search_term_string"}],"inLanguage":"es"},{"@type":"ImageObject","@id":"https:\/\/ayader.com\/index.php\/puesto-de-trabajo-seguro\/#primaryimage","inLanguage":"es","url":"https:\/\/ayader.com\/wp-content\/uploads\/2022\/02\/logo-digitalizadores.jpg","contentUrl":"https:\/\/ayader.com\/wp-content\/uploads\/2022\/02\/logo-digitalizadores.jpg","width":1920,"height":223},{"@type":"WebPage","@id":"https:\/\/ayader.com\/index.php\/puesto-de-trabajo-seguro\/#webpage","url":"https:\/\/ayader.com\/index.php\/puesto-de-trabajo-seguro\/","name":"Puesto de trabajo seguro - Ayader - Soluciones Tecnol\u00f3gicas para empresas","isPartOf":{"@id":"https:\/\/ayader.com\/#website"},"primaryImageOfPage":{"@id":"https:\/\/ayader.com\/index.php\/puesto-de-trabajo-seguro\/#primaryimage"},"datePublished":"2024-05-15T08:36:14+00:00","dateModified":"2024-06-12T08:06:20+00:00","breadcrumb":{"@id":"https:\/\/ayader.com\/index.php\/puesto-de-trabajo-seguro\/#breadcrumb"},"inLanguage":"es","potentialAction":[{"@type":"ReadAction","target":["https:\/\/ayader.com\/index.php\/puesto-de-trabajo-seguro\/"]}]},{"@type":"BreadcrumbList","@id":"https:\/\/ayader.com\/index.php\/puesto-de-trabajo-seguro\/#breadcrumb","itemListElement":[{"@type":"ListItem","position":1,"name":"Portada","item":"https:\/\/ayader.com\/"},{"@type":"ListItem","position":2,"name":"Puesto de trabajo seguro"}]}]}},"_links":{"self":[{"href":"https:\/\/ayader.com\/index.php\/wp-json\/wp\/v2\/pages\/1981","targetHints":{"allow":["GET"]}}],"collection":[{"href":"https:\/\/ayader.com\/index.php\/wp-json\/wp\/v2\/pages"}],"about":[{"href":"https:\/\/ayader.com\/index.php\/wp-json\/wp\/v2\/types\/page"}],"author":[{"embeddable":true,"href":"https:\/\/ayader.com\/index.php\/wp-json\/wp\/v2\/users\/1"}],"replies":[{"embeddable":true,"href":"https:\/\/ayader.com\/index.php\/wp-json\/wp\/v2\/comments?post=1981"}],"version-history":[{"count":7,"href":"https:\/\/ayader.com\/index.php\/wp-json\/wp\/v2\/pages\/1981\/revisions"}],"predecessor-version":[{"id":2008,"href":"https:\/\/ayader.com\/index.php\/wp-json\/wp\/v2\/pages\/1981\/revisions\/2008"}],"wp:attachment":[{"href":"https:\/\/ayader.com\/index.php\/wp-json\/wp\/v2\/media?parent=1981"}],"curies":[{"name":"wp","href":"https:\/\/api.w.org\/{rel}","templated":true}]}}