{"id":1728,"date":"2022-02-15T16:13:32","date_gmt":"2022-02-15T16:13:32","guid":{"rendered":"https:\/\/ayader.com\/?page_id=1728"},"modified":"2022-02-23T11:44:26","modified_gmt":"2022-02-23T11:44:26","slug":"factura-electronica","status":"publish","type":"page","link":"https:\/\/ayader.com\/index.php\/factura-electronica\/","title":{"rendered":"Factura electr\u00f3nica"},"content":{"rendered":"\n<figure class=\"wp-block-image\"><img loading=\"lazy\" decoding=\"async\" width=\"1024\" height=\"119\" src=\"https:\/\/ayader.com\/wp-content\/uploads\/2022\/02\/logo-digitalizadores-1024x119.jpg\" alt=\"\" class=\"wp-image-1639\" srcset=\"https:\/\/ayader.com\/wp-content\/uploads\/2022\/02\/logo-digitalizadores-1024x119.jpg 1024w, https:\/\/ayader.com\/wp-content\/uploads\/2022\/02\/logo-digitalizadores-300x35.jpg 300w, https:\/\/ayader.com\/wp-content\/uploads\/2022\/02\/logo-digitalizadores-768x89.jpg 768w, https:\/\/ayader.com\/wp-content\/uploads\/2022\/02\/logo-digitalizadores-830x96.jpg 830w, https:\/\/ayader.com\/wp-content\/uploads\/2022\/02\/logo-digitalizadores-230x27.jpg 230w, https:\/\/ayader.com\/wp-content\/uploads\/2022\/02\/logo-digitalizadores-350x41.jpg 350w, https:\/\/ayader.com\/wp-content\/uploads\/2022\/02\/logo-digitalizadores-480x56.jpg 480w, https:\/\/ayader.com\/wp-content\/uploads\/2022\/02\/logo-digitalizadores.jpg 1920w\" sizes=\"auto, (max-width: 1024px) 100vw, 1024px\" \/><\/figure>\n\n\n\n<p><span class=\"tadv-color\" style=\"color: #313131;\">Con esta soluci\u00f3n podr\u00e1s tener digitalizado el flujo de emisi\u00f3n de las facturas a tus clientes.<\/span><\/p>\n<div class=\"col-12 col-sm-6 col-md-4 py-5 py-lg-0\">\n<div>\u00a0<\/div>\n<div class=\"contenido-pf\"><span style=\"color: #000000;\"><strong>A partir de 750 + IVA mantenimiento no incluido<\/strong><\/span><\/div>\n<\/div>\n<div class=\"col-12 col-sm-6 col-md-4 py-5 py-lg-0\">\n<div class=\"contenido-pf\">\n<div class=\"subtitulo\">\u00a0<\/div>\n<\/div>\n<\/div>\n<div>\u00a0<\/div>\n<ul>\n<li><span style=\"color: #000000;\"><strong>Recepci\u00f3n de facturas:<\/strong> Recibe las facturas de tus proveedores directamente en tus sistemas.<\/span><\/li>\n<li><span style=\"color: #000000;\"><strong>Emisi\u00f3n a B2G y B2B:<\/strong> Importa tus facturas en formato XML o CSV.<\/span><\/li>\n<li><span style=\"color: #000000;\"><strong><strong>Integra con tu ERP: <\/strong><\/strong>Contamos con m\u00f3dulos en SAP y MS Dynamics para que la integraci\u00f3n sea r\u00e1pida y \u00e1gil. Adem\u00e1s hemos desarrollado APIs propias para que puedas conectarte independientemente del ERP que emplees.<\/span><\/li>\n<\/ul>\n<p>\u00a0<\/p>\n\n\n\n<h4 class=\"wp-block-heading\"><u>Funcionalidades y servicios<\/u><\/h4>\n\n\n\n<ul>\n<li><span style=\"color: #000000;\"><strong>Facturas en formato estructurado:&nbsp;<\/strong>tendr\u00e1s la posibilidad emitir facturas en formatos estructurados, al menos en formato FACTURA-E, para facilitar su tratamiento automatizado.<\/span><\/li>\n<li><span style=\"color: #000000;\"><strong>Facturas ilimitadas:&nbsp;<\/strong>podr\u00e1s&nbsp;emitir un n\u00famero ilimitado de facturas.<\/span><\/li>\n<li><span style=\"color: #000000;\"><strong>Clientes ilimitados:&nbsp;<\/strong>tendr\u00e1s la capacidad de enviar facturas a un n\u00famero ilimitado de clientes.<\/span><\/li>\n<li><span style=\"color: #000000;\"><strong>Productos o servicios ilimitados:&nbsp;<\/strong>podr\u00e1s crear un n\u00famero ilimitado de productos y\/o servicios facturables dentro del cat\u00e1logo.<\/span><\/li>\n<li><span style=\"color: #000000;\"><strong>Env\u00edo de facturas por correo electr\u00f3nico:&nbsp;<\/strong>la soluci\u00f3n implantada por el Agente Digitalizador de tu elecci\u00f3n te posibilitar\u00e1 enviar facturas directamente por correo electr\u00f3nico.<\/span><\/li>\n<li><span style=\"color: #000000;\"><strong>Personalizaci\u00f3n de facturas:&nbsp;<\/strong>las facturas ser\u00e1n personalizables, incluyendo la selecci\u00f3n de tu logotipo.<\/span><\/li>\n<li><span style=\"color: #000000;\"><strong>Copia de seguridad peri\u00f3dicas:&nbsp;<\/strong>podr\u00e1s realizar copias de seguridad, con posibilidad de una periodicidad diaria.<\/span><\/li>\n<li><span style=\"color: #000000;\"><strong>1GB Almacenamiento\/Hist\u00f3rico de facturas:&nbsp;<\/strong>tendr\u00e1s un almacenamiento de, al menos, 1GB para las facturas.<\/span><\/li>\n<li><span style=\"color: #000000;\"><strong>Integraci\u00f3n con otras soluciones:&nbsp;<\/strong>la soluci\u00f3n deber\u00e1 disponer de APIs o Web Services para su integraci\u00f3n con otras herramientas, as\u00ed como permitir la carga de datos de manera manual.<\/span><\/li>\n<li><span style=\"color: #000000;\"><strong>Control de vencimiento de las facturas:&nbsp;<\/strong>tendr\u00e1s un sistema de control del vencimiento de las facturas.<\/span><\/li>\n<li><span style=\"color: #000000;\"><strong>Cumplimiento<\/strong>: podr\u00e1s asegurar el cumplimiento de la normativa aplicable, en concreto el Reglamento por el que se regulan las obligaciones de facturaci\u00f3n del Real Decreto 1619\/2012, as\u00ed como cualquier normativa de aplicaci\u00f3n .&nbsp;<\/span><\/li>\n<\/ul>\n\n\n\n<h4 class=\"wp-block-heading\"><u class=\"remove-format\"><span style=\"color:#313131\" class=\"tadv-color\">Porcentajes de ejecuci\u00f3n asociados a las fases<\/span><\/u><\/h4>\n\n\n\n<div class=\"mb-4\">\n<ul>\n<li class=\"paragraph\">\n<p><span style=\"color: #000000;\">Primera: 70 %<\/span><\/p>\n<\/li>\n<li class=\"paragraph\">\n<p><span style=\"color: #000000;\">Segunda: 30 %<\/span><\/p>\n<\/li>\n<\/ul>\n<\/div>\n\n\n\n<h2 class=\"wp-block-heading\">Importe m\u00e1ximo de la ayuda<\/h2>\n\n\n\n<ul>\n<li>\n<p><span style=\"color: #000000;\">0 &lt; 3 empleados: 500\u20ac (hasta 1 usuario)<\/span><\/p>\n<\/li>\n<li>\n<p><span style=\"color: #000000;\">3 &lt; 9 empleados: 1.000\u20ac (hasta 3 usuarios)<\/span><\/p>\n<\/li>\n<li>\n<p><span style=\"color: #000000;\">10 &lt; 50 empleados: 1.000\u20ac (hasta 3 usuarios)<\/span><\/p>\n<\/li>\n<\/ul>\n","protected":false},"excerpt":{"rendered":"<p>Funcionalidades y servicios Porcentajes de ejecuci\u00f3n asociados a las fases Importe m\u00e1ximo [&hellip;]<\/p>\n","protected":false},"author":1,"featured_media":0,"parent":0,"menu_order":0,"comment_status":"closed","ping_status":"closed","template":"","meta":{"footnotes":""},"class_list":["post-1728","page","type-page","status-publish","hentry"],"yoast_head":"<!-- This site is optimized with the Yoast SEO plugin v18.2 - https:\/\/yoast.com\/wordpress\/plugins\/seo\/ -->\n<title>Factura electr\u00f3nica - Ayader - Soluciones Tecnol\u00f3gicas para empresas<\/title>\n<meta name=\"robots\" content=\"index, follow, max-snippet:-1, max-image-preview:large, max-video-preview:-1\" \/>\n<link rel=\"canonical\" href=\"https:\/\/ayader.com\/index.php\/factura-electronica\/\" \/>\n<meta property=\"og:locale\" content=\"es_ES\" \/>\n<meta property=\"og:type\" content=\"article\" \/>\n<meta property=\"og:title\" content=\"Factura electr\u00f3nica - Ayader - Soluciones Tecnol\u00f3gicas para empresas\" \/>\n<meta property=\"og:description\" content=\"Funcionalidades y servicios Porcentajes de ejecuci\u00f3n asociados a las fases Importe m\u00e1ximo [&hellip;]\" \/>\n<meta property=\"og:url\" content=\"https:\/\/ayader.com\/index.php\/factura-electronica\/\" \/>\n<meta property=\"og:site_name\" content=\"Ayader - Soluciones Tecnol\u00f3gicas para empresas\" \/>\n<meta property=\"article:modified_time\" content=\"2022-02-23T11:44:26+00:00\" \/>\n<meta property=\"og:image\" content=\"https:\/\/ayader.com\/wp-content\/uploads\/2022\/02\/logo-digitalizadores-1024x119.jpg\" \/>\n<meta name=\"twitter:card\" content=\"summary\" \/>\n<meta name=\"twitter:label1\" content=\"Tiempo de lectura\" \/>\n\t<meta name=\"twitter:data1\" content=\"2 minutos\" \/>\n<script type=\"application\/ld+json\" class=\"yoast-schema-graph\">{\"@context\":\"https:\/\/schema.org\",\"@graph\":[{\"@type\":\"WebSite\",\"@id\":\"https:\/\/ayader.com\/#website\",\"url\":\"https:\/\/ayader.com\/\",\"name\":\"Ayader - Soluciones Tecnol\u00f3gicas para empresas\",\"description\":\"Ayader es una empresa volcada en ofrecer a nuestros clientes soluciones tecnol\u00f3gicas que les permitan ser m\u00e1s productivos en sus negocios.\",\"potentialAction\":[{\"@type\":\"SearchAction\",\"target\":{\"@type\":\"EntryPoint\",\"urlTemplate\":\"https:\/\/ayader.com\/?s={search_term_string}\"},\"query-input\":\"required name=search_term_string\"}],\"inLanguage\":\"es\"},{\"@type\":\"ImageObject\",\"@id\":\"https:\/\/ayader.com\/index.php\/factura-electronica\/#primaryimage\",\"inLanguage\":\"es\",\"url\":\"https:\/\/ayader.com\/wp-content\/uploads\/2022\/02\/logo-digitalizadores.jpg\",\"contentUrl\":\"https:\/\/ayader.com\/wp-content\/uploads\/2022\/02\/logo-digitalizadores.jpg\",\"width\":1920,\"height\":223},{\"@type\":\"WebPage\",\"@id\":\"https:\/\/ayader.com\/index.php\/factura-electronica\/#webpage\",\"url\":\"https:\/\/ayader.com\/index.php\/factura-electronica\/\",\"name\":\"Factura electr\u00f3nica - Ayader - Soluciones Tecnol\u00f3gicas para empresas\",\"isPartOf\":{\"@id\":\"https:\/\/ayader.com\/#website\"},\"primaryImageOfPage\":{\"@id\":\"https:\/\/ayader.com\/index.php\/factura-electronica\/#primaryimage\"},\"datePublished\":\"2022-02-15T16:13:32+00:00\",\"dateModified\":\"2022-02-23T11:44:26+00:00\",\"breadcrumb\":{\"@id\":\"https:\/\/ayader.com\/index.php\/factura-electronica\/#breadcrumb\"},\"inLanguage\":\"es\",\"potentialAction\":[{\"@type\":\"ReadAction\",\"target\":[\"https:\/\/ayader.com\/index.php\/factura-electronica\/\"]}]},{\"@type\":\"BreadcrumbList\",\"@id\":\"https:\/\/ayader.com\/index.php\/factura-electronica\/#breadcrumb\",\"itemListElement\":[{\"@type\":\"ListItem\",\"position\":1,\"name\":\"Portada\",\"item\":\"https:\/\/ayader.com\/\"},{\"@type\":\"ListItem\",\"position\":2,\"name\":\"Factura electr\u00f3nica\"}]}]}<\/script>\n<!-- \/ Yoast SEO plugin. -->","yoast_head_json":{"title":"Factura electr\u00f3nica - Ayader - Soluciones Tecnol\u00f3gicas para empresas","robots":{"index":"index","follow":"follow","max-snippet":"max-snippet:-1","max-image-preview":"max-image-preview:large","max-video-preview":"max-video-preview:-1"},"canonical":"https:\/\/ayader.com\/index.php\/factura-electronica\/","og_locale":"es_ES","og_type":"article","og_title":"Factura electr\u00f3nica - Ayader - Soluciones Tecnol\u00f3gicas para empresas","og_description":"Funcionalidades y servicios Porcentajes de ejecuci\u00f3n asociados a las fases Importe m\u00e1ximo [&hellip;]","og_url":"https:\/\/ayader.com\/index.php\/factura-electronica\/","og_site_name":"Ayader - Soluciones Tecnol\u00f3gicas para empresas","article_modified_time":"2022-02-23T11:44:26+00:00","og_image":[{"url":"https:\/\/ayader.com\/wp-content\/uploads\/2022\/02\/logo-digitalizadores-1024x119.jpg"}],"twitter_card":"summary","twitter_misc":{"Tiempo de lectura":"2 minutos"},"schema":{"@context":"https:\/\/schema.org","@graph":[{"@type":"WebSite","@id":"https:\/\/ayader.com\/#website","url":"https:\/\/ayader.com\/","name":"Ayader - Soluciones Tecnol\u00f3gicas para empresas","description":"Ayader es una empresa volcada en ofrecer a nuestros clientes soluciones tecnol\u00f3gicas que les permitan ser m\u00e1s productivos en sus negocios.","potentialAction":[{"@type":"SearchAction","target":{"@type":"EntryPoint","urlTemplate":"https:\/\/ayader.com\/?s={search_term_string}"},"query-input":"required name=search_term_string"}],"inLanguage":"es"},{"@type":"ImageObject","@id":"https:\/\/ayader.com\/index.php\/factura-electronica\/#primaryimage","inLanguage":"es","url":"https:\/\/ayader.com\/wp-content\/uploads\/2022\/02\/logo-digitalizadores.jpg","contentUrl":"https:\/\/ayader.com\/wp-content\/uploads\/2022\/02\/logo-digitalizadores.jpg","width":1920,"height":223},{"@type":"WebPage","@id":"https:\/\/ayader.com\/index.php\/factura-electronica\/#webpage","url":"https:\/\/ayader.com\/index.php\/factura-electronica\/","name":"Factura electr\u00f3nica - Ayader - Soluciones Tecnol\u00f3gicas para empresas","isPartOf":{"@id":"https:\/\/ayader.com\/#website"},"primaryImageOfPage":{"@id":"https:\/\/ayader.com\/index.php\/factura-electronica\/#primaryimage"},"datePublished":"2022-02-15T16:13:32+00:00","dateModified":"2022-02-23T11:44:26+00:00","breadcrumb":{"@id":"https:\/\/ayader.com\/index.php\/factura-electronica\/#breadcrumb"},"inLanguage":"es","potentialAction":[{"@type":"ReadAction","target":["https:\/\/ayader.com\/index.php\/factura-electronica\/"]}]},{"@type":"BreadcrumbList","@id":"https:\/\/ayader.com\/index.php\/factura-electronica\/#breadcrumb","itemListElement":[{"@type":"ListItem","position":1,"name":"Portada","item":"https:\/\/ayader.com\/"},{"@type":"ListItem","position":2,"name":"Factura electr\u00f3nica"}]}]}},"_links":{"self":[{"href":"https:\/\/ayader.com\/index.php\/wp-json\/wp\/v2\/pages\/1728","targetHints":{"allow":["GET"]}}],"collection":[{"href":"https:\/\/ayader.com\/index.php\/wp-json\/wp\/v2\/pages"}],"about":[{"href":"https:\/\/ayader.com\/index.php\/wp-json\/wp\/v2\/types\/page"}],"author":[{"embeddable":true,"href":"https:\/\/ayader.com\/index.php\/wp-json\/wp\/v2\/users\/1"}],"replies":[{"embeddable":true,"href":"https:\/\/ayader.com\/index.php\/wp-json\/wp\/v2\/comments?post=1728"}],"version-history":[{"count":5,"href":"https:\/\/ayader.com\/index.php\/wp-json\/wp\/v2\/pages\/1728\/revisions"}],"predecessor-version":[{"id":1758,"href":"https:\/\/ayader.com\/index.php\/wp-json\/wp\/v2\/pages\/1728\/revisions\/1758"}],"wp:attachment":[{"href":"https:\/\/ayader.com\/index.php\/wp-json\/wp\/v2\/media?parent=1728"}],"curies":[{"name":"wp","href":"https:\/\/api.w.org\/{rel}","templated":true}]}}