{"id":1434,"date":"2019-10-22T00:33:12","date_gmt":"2019-10-22T00:33:12","guid":{"rendered":"http:\/\/ayader.com\/?page_id=1434"},"modified":"2024-11-26T19:58:30","modified_gmt":"2024-11-26T19:58:30","slug":"contacto","status":"publish","type":"page","link":"https:\/\/ayader.com\/index.php\/contacto\/","title":{"rendered":"Contacta con nosotros"},"content":{"rendered":"\n<h2 class=\"wp-block-heading\"><\/h2>\n\n\n\n<div class=\"wpcf7 no-js\" id=\"wpcf7-f9-o1\" lang=\"en-US\" dir=\"ltr\" data-wpcf7-id=\"9\">\n<div class=\"screen-reader-response\"><p role=\"status\" aria-live=\"polite\" aria-atomic=\"true\"><\/p> <ul><\/ul><\/div>\n<form action=\"\/index.php\/wp-json\/wp\/v2\/pages\/1434#wpcf7-f9-o1\" method=\"post\" class=\"wpcf7-form init\" aria-label=\"Contact form\" novalidate=\"novalidate\" data-status=\"init\">\n<fieldset class=\"hidden-fields-container\"><input type=\"hidden\" name=\"_wpcf7\" value=\"9\" \/><input type=\"hidden\" name=\"_wpcf7_version\" value=\"6.1.5\" \/><input type=\"hidden\" name=\"_wpcf7_locale\" value=\"en_US\" \/><input type=\"hidden\" name=\"_wpcf7_unit_tag\" value=\"wpcf7-f9-o1\" \/><input type=\"hidden\" name=\"_wpcf7_container_post\" value=\"0\" \/><input type=\"hidden\" name=\"_wpcf7_posted_data_hash\" value=\"\" \/><input type=\"hidden\" name=\"_wpcf7_recaptcha_response\" value=\"\" \/>\n<\/fieldset>\n<p>Nombre (Requerido)\n<\/p>\n<p><span class=\"wpcf7-form-control-wrap\" data-name=\"your-name\"><input size=\"40\" maxlength=\"400\" class=\"wpcf7-form-control wpcf7-text wpcf7-validates-as-required\" aria-required=\"true\" aria-invalid=\"false\" value=\"\" type=\"text\" name=\"your-name\" \/><\/span>\n<\/p>\n<p>Email (Requerido)\n<\/p>\n<p><span class=\"wpcf7-form-control-wrap\" data-name=\"your-email\"><input size=\"40\" maxlength=\"400\" class=\"wpcf7-form-control wpcf7-email wpcf7-validates-as-required wpcf7-text wpcf7-validates-as-email\" aria-required=\"true\" aria-invalid=\"false\" value=\"\" type=\"email\" name=\"your-email\" \/><\/span>\n<\/p>\n<p>Telefono\n<\/p>\n<p><span class=\"wpcf7-form-control-wrap\" data-name=\"tel-307\"><input size=\"40\" maxlength=\"400\" class=\"wpcf7-form-control wpcf7-tel wpcf7-text wpcf7-validates-as-tel telefono\" id=\"telefono\" aria-invalid=\"false\" value=\"+34\" type=\"tel\" name=\"tel-307\" \/><\/span>\n<\/p>\n<p>Asunto\n<\/p>\n<p><span class=\"wpcf7-form-control-wrap\" data-name=\"your-subject\"><input size=\"40\" maxlength=\"400\" class=\"wpcf7-form-control wpcf7-text\" aria-invalid=\"false\" value=\"\" type=\"text\" name=\"your-subject\" \/><\/span>\n<\/p>\n<p>Mensaje\n<\/p>\n<p><span class=\"wpcf7-form-control-wrap\" data-name=\"your-message\"><textarea cols=\"40\" rows=\"10\" maxlength=\"2000\" class=\"wpcf7-form-control wpcf7-textarea\" aria-invalid=\"false\" name=\"your-message\"><\/textarea><\/span>\n<\/p>\n<p><input class=\"wpcf7-form-control wpcf7-submit has-spinner\" type=\"submit\" value=\"Enviar\" \/>\n<\/p><div class=\"wpcf7-response-output\" aria-hidden=\"true\"><\/div>\n<\/form>\n<\/div>\n\n\n\n\n<p class=\"has-text-align-center\"><strong>Bilbao<\/strong><\/p>\n\n\n<p><iframe loading=\"lazy\" src=\"https:\/\/www.google.com\/maps\/embed?pb=!1m14!1m8!1m3!1d11624.79307785739!2d-2.8851874!3d43.2472663!3m2!1i1024!2i768!4f13.1!3m3!1m2!1s0x0%3A0x103ddb48a7d79bf3!2sAyader%20Soluciones%20Integrales!5e0!3m2!1ses!2ses!4v1571704685431!5m2!1ses!2ses\" width=\"1100\" height=\"400\" frameborder=\"0\" style=\"border:0;\" allowfullscreen=\"\"><\/iframe><\/p>\n\n\n\n<p class=\"has-text-align-center\">Calle Antonio Epalza 1, 48450 Etxebarri Vizcaya Tel\u00e9fono 946669606<\/p>\n\n\n\n<figure class=\"wp-block-gallery has-nested-images columns-default is-cropped wp-block-gallery-1 is-layout-flex wp-block-gallery-is-layout-flex\">\n<figure class=\"wp-block-image size-large\"><img loading=\"lazy\" decoding=\"async\" width=\"1024\" height=\"768\" data-id=\"1882\" src=\"https:\/\/ayader.com\/wp-content\/uploads\/2023\/03\/IMG_4271-1024x768.jpg\" alt=\"\" class=\"wp-image-1882\" srcset=\"https:\/\/ayader.com\/wp-content\/uploads\/2023\/03\/IMG_4271-1024x768.jpg 1024w, https:\/\/ayader.com\/wp-content\/uploads\/2023\/03\/IMG_4271-300x225.jpg 300w, https:\/\/ayader.com\/wp-content\/uploads\/2023\/03\/IMG_4271-768x576.jpg 768w, https:\/\/ayader.com\/wp-content\/uploads\/2023\/03\/IMG_4271-1536x1152.jpg 1536w, https:\/\/ayader.com\/wp-content\/uploads\/2023\/03\/IMG_4271-2048x1536.jpg 2048w, https:\/\/ayader.com\/wp-content\/uploads\/2023\/03\/IMG_4271-920x690.jpg 920w, https:\/\/ayader.com\/wp-content\/uploads\/2023\/03\/IMG_4271-230x173.jpg 230w, https:\/\/ayader.com\/wp-content\/uploads\/2023\/03\/IMG_4271-350x263.jpg 350w, https:\/\/ayader.com\/wp-content\/uploads\/2023\/03\/IMG_4271-480x360.jpg 480w\" sizes=\"auto, (max-width: 1024px) 100vw, 1024px\" \/><\/figure>\n\n\n\n<figure class=\"wp-block-image size-large\"><img loading=\"lazy\" decoding=\"async\" width=\"1024\" height=\"768\" data-id=\"1883\" src=\"https:\/\/ayader.com\/wp-content\/uploads\/2023\/03\/IMG_4272-1024x768.jpg\" alt=\"\" class=\"wp-image-1883\" srcset=\"https:\/\/ayader.com\/wp-content\/uploads\/2023\/03\/IMG_4272-1024x768.jpg 1024w, https:\/\/ayader.com\/wp-content\/uploads\/2023\/03\/IMG_4272-300x225.jpg 300w, https:\/\/ayader.com\/wp-content\/uploads\/2023\/03\/IMG_4272-768x576.jpg 768w, https:\/\/ayader.com\/wp-content\/uploads\/2023\/03\/IMG_4272-1536x1152.jpg 1536w, https:\/\/ayader.com\/wp-content\/uploads\/2023\/03\/IMG_4272-2048x1536.jpg 2048w, https:\/\/ayader.com\/wp-content\/uploads\/2023\/03\/IMG_4272-920x690.jpg 920w, https:\/\/ayader.com\/wp-content\/uploads\/2023\/03\/IMG_4272-230x173.jpg 230w, https:\/\/ayader.com\/wp-content\/uploads\/2023\/03\/IMG_4272-350x263.jpg 350w, https:\/\/ayader.com\/wp-content\/uploads\/2023\/03\/IMG_4272-480x360.jpg 480w\" sizes=\"auto, (max-width: 1024px) 100vw, 1024px\" \/><\/figure>\n<\/figure>\n\n\n\n<p class=\"has-text-align-center\"><strong>La Rioja<\/strong><\/p>\n\n\n<p><iframe loading=\"lazy\" src=\"https:\/\/www.google.com\/maps\/embed?pb=!1m18!1m12!1m3!1d183.97449045079094!2d-2.458888848613277!3d42.45769961028635!2m3!1f0!2f0!3f0!3m2!1i1024!2i768!4f13.1!3m3!1m2!1s0x0%3A0x463bf5c71c2c40a9!2sAyader%20Soluciones%20Tecnologicas!5e0!3m2!1ses!2ses!4v1571940727937!5m2!1ses!2ses\" width=\"1100\" height=\"400\" frameborder=\"0\" style=\"border:0;\" allowfullscreen=\"\"><\/iframe><\/p>\n\n\n\n<p class=\"has-text-align-center\">Parque San Adrian 11 (esq con Avda. Club Deportivo 35bis) , 26007 Logro\u00f1o La Rioja Tel\u00e9fono 941510824<\/p>\n\n\n\n<figure class=\"wp-block-gallery has-nested-images columns-default is-cropped wp-block-gallery-2 is-layout-flex wp-block-gallery-is-layout-flex\">\n<figure class=\"wp-block-image\"><img loading=\"lazy\" decoding=\"async\" width=\"1024\" height=\"768\" data-id=\"1468\" src=\"http:\/\/ayader.com\/wp-content\/uploads\/2019\/10\/WhatsApp-Image-2019-10-21-at-22.33.51-1024x768.jpeg\" alt=\"\" class=\"wp-image-1468\" srcset=\"https:\/\/ayader.com\/wp-content\/uploads\/2019\/10\/WhatsApp-Image-2019-10-21-at-22.33.51.jpeg 1024w, https:\/\/ayader.com\/wp-content\/uploads\/2019\/10\/WhatsApp-Image-2019-10-21-at-22.33.51-300x225.jpeg 300w, https:\/\/ayader.com\/wp-content\/uploads\/2019\/10\/WhatsApp-Image-2019-10-21-at-22.33.51-768x576.jpeg 768w, https:\/\/ayader.com\/wp-content\/uploads\/2019\/10\/WhatsApp-Image-2019-10-21-at-22.33.51-830x623.jpeg 830w, https:\/\/ayader.com\/wp-content\/uploads\/2019\/10\/WhatsApp-Image-2019-10-21-at-22.33.51-230x173.jpeg 230w, https:\/\/ayader.com\/wp-content\/uploads\/2019\/10\/WhatsApp-Image-2019-10-21-at-22.33.51-350x263.jpeg 350w, https:\/\/ayader.com\/wp-content\/uploads\/2019\/10\/WhatsApp-Image-2019-10-21-at-22.33.51-480x360.jpeg 480w\" sizes=\"auto, (max-width: 1024px) 100vw, 1024px\" \/><\/figure>\n\n\n\n<figure class=\"wp-block-image\"><img loading=\"lazy\" decoding=\"async\" width=\"1024\" height=\"768\" data-id=\"1469\" src=\"http:\/\/ayader.com\/wp-content\/uploads\/2019\/10\/WhatsApp-Image-2019-10-21-at-22.33.521-1024x768.jpeg\" alt=\"\" class=\"wp-image-1469\" srcset=\"https:\/\/ayader.com\/wp-content\/uploads\/2019\/10\/WhatsApp-Image-2019-10-21-at-22.33.521.jpeg 1024w, https:\/\/ayader.com\/wp-content\/uploads\/2019\/10\/WhatsApp-Image-2019-10-21-at-22.33.521-300x225.jpeg 300w, https:\/\/ayader.com\/wp-content\/uploads\/2019\/10\/WhatsApp-Image-2019-10-21-at-22.33.521-768x576.jpeg 768w, https:\/\/ayader.com\/wp-content\/uploads\/2019\/10\/WhatsApp-Image-2019-10-21-at-22.33.521-830x623.jpeg 830w, https:\/\/ayader.com\/wp-content\/uploads\/2019\/10\/WhatsApp-Image-2019-10-21-at-22.33.521-230x173.jpeg 230w, https:\/\/ayader.com\/wp-content\/uploads\/2019\/10\/WhatsApp-Image-2019-10-21-at-22.33.521-350x263.jpeg 350w, https:\/\/ayader.com\/wp-content\/uploads\/2019\/10\/WhatsApp-Image-2019-10-21-at-22.33.521-480x360.jpeg 480w\" sizes=\"auto, (max-width: 1024px) 100vw, 1024px\" \/><\/figure>\n\n\n\n<figure class=\"wp-block-image\"><img loading=\"lazy\" decoding=\"async\" width=\"1024\" height=\"768\" data-id=\"1470\" src=\"http:\/\/ayader.com\/wp-content\/uploads\/2019\/10\/WhatsApp-Image-2019-10-21-at-22.33.522-1024x768.jpeg\" alt=\"\" class=\"wp-image-1470\" srcset=\"https:\/\/ayader.com\/wp-content\/uploads\/2019\/10\/WhatsApp-Image-2019-10-21-at-22.33.522.jpeg 1024w, https:\/\/ayader.com\/wp-content\/uploads\/2019\/10\/WhatsApp-Image-2019-10-21-at-22.33.522-300x225.jpeg 300w, https:\/\/ayader.com\/wp-content\/uploads\/2019\/10\/WhatsApp-Image-2019-10-21-at-22.33.522-768x576.jpeg 768w, https:\/\/ayader.com\/wp-content\/uploads\/2019\/10\/WhatsApp-Image-2019-10-21-at-22.33.522-830x623.jpeg 830w, https:\/\/ayader.com\/wp-content\/uploads\/2019\/10\/WhatsApp-Image-2019-10-21-at-22.33.522-230x173.jpeg 230w, https:\/\/ayader.com\/wp-content\/uploads\/2019\/10\/WhatsApp-Image-2019-10-21-at-22.33.522-350x263.jpeg 350w, https:\/\/ayader.com\/wp-content\/uploads\/2019\/10\/WhatsApp-Image-2019-10-21-at-22.33.522-480x360.jpeg 480w\" sizes=\"auto, (max-width: 1024px) 100vw, 1024px\" \/><\/figure>\n\n\n\n<figure class=\"wp-block-image\"><img loading=\"lazy\" decoding=\"async\" width=\"1024\" height=\"768\" data-id=\"1471\" src=\"http:\/\/ayader.com\/wp-content\/uploads\/2019\/10\/WhatsApp-Image-2019-10-21-at-22.33.523-1024x768.jpeg\" alt=\"\" class=\"wp-image-1471\" srcset=\"https:\/\/ayader.com\/wp-content\/uploads\/2019\/10\/WhatsApp-Image-2019-10-21-at-22.33.523.jpeg 1024w, https:\/\/ayader.com\/wp-content\/uploads\/2019\/10\/WhatsApp-Image-2019-10-21-at-22.33.523-300x225.jpeg 300w, https:\/\/ayader.com\/wp-content\/uploads\/2019\/10\/WhatsApp-Image-2019-10-21-at-22.33.523-768x576.jpeg 768w, https:\/\/ayader.com\/wp-content\/uploads\/2019\/10\/WhatsApp-Image-2019-10-21-at-22.33.523-830x623.jpeg 830w, https:\/\/ayader.com\/wp-content\/uploads\/2019\/10\/WhatsApp-Image-2019-10-21-at-22.33.523-230x173.jpeg 230w, https:\/\/ayader.com\/wp-content\/uploads\/2019\/10\/WhatsApp-Image-2019-10-21-at-22.33.523-350x263.jpeg 350w, https:\/\/ayader.com\/wp-content\/uploads\/2019\/10\/WhatsApp-Image-2019-10-21-at-22.33.523-480x360.jpeg 480w\" sizes=\"auto, (max-width: 1024px) 100vw, 1024px\" \/><\/figure>\n\n\n\n<figure class=\"wp-block-image\"><img loading=\"lazy\" decoding=\"async\" width=\"1024\" height=\"768\" data-id=\"1472\" src=\"http:\/\/ayader.com\/wp-content\/uploads\/2019\/10\/WhatsApp-Image-2019-10-21-at-22.33.52-1024x768.jpeg\" alt=\"\" class=\"wp-image-1472\" srcset=\"https:\/\/ayader.com\/wp-content\/uploads\/2019\/10\/WhatsApp-Image-2019-10-21-at-22.33.52.jpeg 1024w, https:\/\/ayader.com\/wp-content\/uploads\/2019\/10\/WhatsApp-Image-2019-10-21-at-22.33.52-300x225.jpeg 300w, https:\/\/ayader.com\/wp-content\/uploads\/2019\/10\/WhatsApp-Image-2019-10-21-at-22.33.52-768x576.jpeg 768w, https:\/\/ayader.com\/wp-content\/uploads\/2019\/10\/WhatsApp-Image-2019-10-21-at-22.33.52-830x623.jpeg 830w, https:\/\/ayader.com\/wp-content\/uploads\/2019\/10\/WhatsApp-Image-2019-10-21-at-22.33.52-230x173.jpeg 230w, https:\/\/ayader.com\/wp-content\/uploads\/2019\/10\/WhatsApp-Image-2019-10-21-at-22.33.52-350x263.jpeg 350w, https:\/\/ayader.com\/wp-content\/uploads\/2019\/10\/WhatsApp-Image-2019-10-21-at-22.33.52-480x360.jpeg 480w\" sizes=\"auto, (max-width: 1024px) 100vw, 1024px\" \/><\/figure>\n\n\n\n<figure class=\"wp-block-image\"><img loading=\"lazy\" decoding=\"async\" width=\"1024\" height=\"876\" data-id=\"1475\" src=\"http:\/\/ayader.com\/wp-content\/uploads\/2019\/10\/WhatsApp-Image-2019-10-21-at-22.48.43-1024x876.jpeg\" alt=\"\" class=\"wp-image-1475\" srcset=\"https:\/\/ayader.com\/wp-content\/uploads\/2019\/10\/WhatsApp-Image-2019-10-21-at-22.48.43.jpeg 1024w, https:\/\/ayader.com\/wp-content\/uploads\/2019\/10\/WhatsApp-Image-2019-10-21-at-22.48.43-300x257.jpeg 300w, https:\/\/ayader.com\/wp-content\/uploads\/2019\/10\/WhatsApp-Image-2019-10-21-at-22.48.43-768x657.jpeg 768w, https:\/\/ayader.com\/wp-content\/uploads\/2019\/10\/WhatsApp-Image-2019-10-21-at-22.48.43-830x710.jpeg 830w, https:\/\/ayader.com\/wp-content\/uploads\/2019\/10\/WhatsApp-Image-2019-10-21-at-22.48.43-230x197.jpeg 230w, https:\/\/ayader.com\/wp-content\/uploads\/2019\/10\/WhatsApp-Image-2019-10-21-at-22.48.43-350x299.jpeg 350w, https:\/\/ayader.com\/wp-content\/uploads\/2019\/10\/WhatsApp-Image-2019-10-21-at-22.48.43-480x411.jpeg 480w\" sizes=\"auto, (max-width: 1024px) 100vw, 1024px\" \/><\/figure>\n<\/figure>\n\n\n\n<p><\/p>\n","protected":false},"excerpt":{"rendered":"<p>Bilbao Calle Antonio Epalza 1, 48450 Etxebarri Vizcaya Tel\u00e9fono 946669606 La Rioja [&hellip;]<\/p>\n","protected":false},"author":1,"featured_media":0,"parent":0,"menu_order":0,"comment_status":"closed","ping_status":"closed","template":"page-templates\/page_fullwidth.php","meta":{"footnotes":""},"class_list":["post-1434","page","type-page","status-publish","hentry"],"yoast_head":"<!-- This site is optimized with the Yoast SEO plugin v18.2 - https:\/\/yoast.com\/wordpress\/plugins\/seo\/ -->\n<title>Contacta con nosotros - Ayader - Soluciones Tecnol\u00f3gicas para empresas<\/title>\n<meta name=\"robots\" content=\"index, follow, max-snippet:-1, max-image-preview:large, max-video-preview:-1\" \/>\n<link rel=\"canonical\" href=\"https:\/\/ayader.com\/index.php\/contacto\/\" \/>\n<meta property=\"og:locale\" content=\"es_ES\" \/>\n<meta property=\"og:type\" content=\"article\" \/>\n<meta property=\"og:title\" content=\"Contacta con nosotros - Ayader - Soluciones Tecnol\u00f3gicas para empresas\" \/>\n<meta property=\"og:description\" content=\"Bilbao Calle Antonio Epalza 1, 48450 Etxebarri Vizcaya Tel\u00e9fono 946669606 La Rioja [&hellip;]\" \/>\n<meta property=\"og:url\" content=\"https:\/\/ayader.com\/index.php\/contacto\/\" \/>\n<meta property=\"og:site_name\" content=\"Ayader - Soluciones Tecnol\u00f3gicas para empresas\" \/>\n<meta property=\"article:modified_time\" content=\"2024-11-26T19:58:30+00:00\" \/>\n<meta property=\"og:image\" content=\"https:\/\/ayader.com\/wp-content\/uploads\/2023\/03\/IMG_4271-1024x768.jpg\" \/>\n<meta name=\"twitter:card\" content=\"summary\" \/>\n<meta name=\"twitter:label1\" content=\"Tiempo de lectura\" \/>\n\t<meta name=\"twitter:data1\" content=\"2 minutos\" \/>\n<script type=\"application\/ld+json\" class=\"yoast-schema-graph\">{\"@context\":\"https:\/\/schema.org\",\"@graph\":[{\"@type\":\"WebSite\",\"@id\":\"https:\/\/ayader.com\/#website\",\"url\":\"https:\/\/ayader.com\/\",\"name\":\"Ayader - Soluciones Tecnol\u00f3gicas para empresas\",\"description\":\"Ayader es una empresa volcada en ofrecer a nuestros clientes soluciones tecnol\u00f3gicas que les permitan ser m\u00e1s productivos en sus negocios.\",\"potentialAction\":[{\"@type\":\"SearchAction\",\"target\":{\"@type\":\"EntryPoint\",\"urlTemplate\":\"https:\/\/ayader.com\/?s={search_term_string}\"},\"query-input\":\"required name=search_term_string\"}],\"inLanguage\":\"es\"},{\"@type\":\"ImageObject\",\"@id\":\"https:\/\/ayader.com\/index.php\/contacto\/#primaryimage\",\"inLanguage\":\"es\",\"url\":\"https:\/\/ayader.com\/wp-content\/uploads\/2023\/03\/IMG_4271-scaled.jpg\",\"contentUrl\":\"https:\/\/ayader.com\/wp-content\/uploads\/2023\/03\/IMG_4271-scaled.jpg\",\"width\":2560,\"height\":1920},{\"@type\":\"WebPage\",\"@id\":\"https:\/\/ayader.com\/index.php\/contacto\/#webpage\",\"url\":\"https:\/\/ayader.com\/index.php\/contacto\/\",\"name\":\"Contacta con nosotros - Ayader - Soluciones Tecnol\u00f3gicas para empresas\",\"isPartOf\":{\"@id\":\"https:\/\/ayader.com\/#website\"},\"primaryImageOfPage\":{\"@id\":\"https:\/\/ayader.com\/index.php\/contacto\/#primaryimage\"},\"datePublished\":\"2019-10-22T00:33:12+00:00\",\"dateModified\":\"2024-11-26T19:58:30+00:00\",\"breadcrumb\":{\"@id\":\"https:\/\/ayader.com\/index.php\/contacto\/#breadcrumb\"},\"inLanguage\":\"es\",\"potentialAction\":[{\"@type\":\"ReadAction\",\"target\":[\"https:\/\/ayader.com\/index.php\/contacto\/\"]}]},{\"@type\":\"BreadcrumbList\",\"@id\":\"https:\/\/ayader.com\/index.php\/contacto\/#breadcrumb\",\"itemListElement\":[{\"@type\":\"ListItem\",\"position\":1,\"name\":\"Portada\",\"item\":\"https:\/\/ayader.com\/\"},{\"@type\":\"ListItem\",\"position\":2,\"name\":\"Contacta con nosotros\"}]}]}<\/script>\n<!-- \/ Yoast SEO plugin. -->","yoast_head_json":{"title":"Contacta con nosotros - Ayader - Soluciones Tecnol\u00f3gicas para empresas","robots":{"index":"index","follow":"follow","max-snippet":"max-snippet:-1","max-image-preview":"max-image-preview:large","max-video-preview":"max-video-preview:-1"},"canonical":"https:\/\/ayader.com\/index.php\/contacto\/","og_locale":"es_ES","og_type":"article","og_title":"Contacta con nosotros - Ayader - Soluciones Tecnol\u00f3gicas para empresas","og_description":"Bilbao Calle Antonio Epalza 1, 48450 Etxebarri Vizcaya Tel\u00e9fono 946669606 La Rioja [&hellip;]","og_url":"https:\/\/ayader.com\/index.php\/contacto\/","og_site_name":"Ayader - Soluciones Tecnol\u00f3gicas para empresas","article_modified_time":"2024-11-26T19:58:30+00:00","og_image":[{"url":"https:\/\/ayader.com\/wp-content\/uploads\/2023\/03\/IMG_4271-1024x768.jpg"}],"twitter_card":"summary","twitter_misc":{"Tiempo de lectura":"2 minutos"},"schema":{"@context":"https:\/\/schema.org","@graph":[{"@type":"WebSite","@id":"https:\/\/ayader.com\/#website","url":"https:\/\/ayader.com\/","name":"Ayader - Soluciones Tecnol\u00f3gicas para empresas","description":"Ayader es una empresa volcada en ofrecer a nuestros clientes soluciones tecnol\u00f3gicas que les permitan ser m\u00e1s productivos en sus negocios.","potentialAction":[{"@type":"SearchAction","target":{"@type":"EntryPoint","urlTemplate":"https:\/\/ayader.com\/?s={search_term_string}"},"query-input":"required name=search_term_string"}],"inLanguage":"es"},{"@type":"ImageObject","@id":"https:\/\/ayader.com\/index.php\/contacto\/#primaryimage","inLanguage":"es","url":"https:\/\/ayader.com\/wp-content\/uploads\/2023\/03\/IMG_4271-scaled.jpg","contentUrl":"https:\/\/ayader.com\/wp-content\/uploads\/2023\/03\/IMG_4271-scaled.jpg","width":2560,"height":1920},{"@type":"WebPage","@id":"https:\/\/ayader.com\/index.php\/contacto\/#webpage","url":"https:\/\/ayader.com\/index.php\/contacto\/","name":"Contacta con nosotros - Ayader - Soluciones Tecnol\u00f3gicas para empresas","isPartOf":{"@id":"https:\/\/ayader.com\/#website"},"primaryImageOfPage":{"@id":"https:\/\/ayader.com\/index.php\/contacto\/#primaryimage"},"datePublished":"2019-10-22T00:33:12+00:00","dateModified":"2024-11-26T19:58:30+00:00","breadcrumb":{"@id":"https:\/\/ayader.com\/index.php\/contacto\/#breadcrumb"},"inLanguage":"es","potentialAction":[{"@type":"ReadAction","target":["https:\/\/ayader.com\/index.php\/contacto\/"]}]},{"@type":"BreadcrumbList","@id":"https:\/\/ayader.com\/index.php\/contacto\/#breadcrumb","itemListElement":[{"@type":"ListItem","position":1,"name":"Portada","item":"https:\/\/ayader.com\/"},{"@type":"ListItem","position":2,"name":"Contacta con nosotros"}]}]}},"_links":{"self":[{"href":"https:\/\/ayader.com\/index.php\/wp-json\/wp\/v2\/pages\/1434","targetHints":{"allow":["GET"]}}],"collection":[{"href":"https:\/\/ayader.com\/index.php\/wp-json\/wp\/v2\/pages"}],"about":[{"href":"https:\/\/ayader.com\/index.php\/wp-json\/wp\/v2\/types\/page"}],"author":[{"embeddable":true,"href":"https:\/\/ayader.com\/index.php\/wp-json\/wp\/v2\/users\/1"}],"replies":[{"embeddable":true,"href":"https:\/\/ayader.com\/index.php\/wp-json\/wp\/v2\/comments?post=1434"}],"version-history":[{"count":27,"href":"https:\/\/ayader.com\/index.php\/wp-json\/wp\/v2\/pages\/1434\/revisions"}],"predecessor-version":[{"id":2093,"href":"https:\/\/ayader.com\/index.php\/wp-json\/wp\/v2\/pages\/1434\/revisions\/2093"}],"wp:attachment":[{"href":"https:\/\/ayader.com\/index.php\/wp-json\/wp\/v2\/media?parent=1434"}],"curies":[{"name":"wp","href":"https:\/\/api.w.org\/{rel}","templated":true}]}}